 2*m + 4 = -18*h + 13*h, 0 = -h + 3*m + 6. Suppose h = -4*p - 9 + 21, 3*v - 2355 = p. What are the prime factors of v?
2, 3, 131
Let z = -84862 - -167686. What are the prime factors of z?
2, 3, 7, 17, 29
Let g = 9669 - 6127. Suppose 4*s + 10*s = g. Let r = s + -15. What are the prime factors of r?
2, 7, 17
Suppose 18*f + 77*f + 3*f = 512540. What are the prime factors of f?
2, 5, 523
Suppose -4*l - 2*l = 4*l. Let h(g) = 7*g - 3*g + 7 + 7*g + l. List the prime factors of h(6).
73
Let b(m) = 2*m**3 + m**2 + 2*m - 1. Let l be b(1). List the prime factors of 6*1/l*(-19560)/(-180).
163
Let m(v) = -v**2 + 6*v + 2. Let w be m(7). Let k(b) = -219*b - 71. What are the prime factors of k(w)?
2
Suppose 0 = -4*b + 36, -p - 5995 = -b - 21625. List the prime factors of p.
3, 13, 401
Suppose 6*d - 105780 = -5622. What are the prime factors of d?
16693
Let d = 50 + -47. Suppose -b = -d*b - 4*v + 10, 3*v + 38 = 5*b. Suppose b*g = 2*g + 690. List the prime factors of g.
2, 3, 23
Suppose -2*u - o + 3 = 0, -5*u + 10*o - 6*o = -14. Let k(d) = 7*d**3 - d**2 + 2*d - 8. What are the prime factors of k(u)?
2, 3
List the prime factors of (733/(-3))/(14/(-2016)).
2, 3, 733
Suppose 44*y + 55*y = 430353. List the prime factors of y.
3, 7, 23
Let j = 356 + -360. List the prime factors of 356 - (-6)/j*(-4)/2.
359
Let w be (-6 + 140/25)*(-60)/3. What are the prime factors of 499 - (-3 + w + -3 + -7)?
2, 3, 7
Suppose 3*o - 4 = -4*h, 5*h + o = 4*h. Suppose 0 = -c - h*k + 10, -3*c - k + 42 = 1. Suppose -16*z + c*z + 138 = 0. What are the prime factors of z?
3, 23
Let f(l) = l**2 + 16*l - 56. Suppose -q + 3*q = -c + 34, -4*c + q = -91. List the prime factors of f(c).
2, 113
Suppose 8*m - 528 = 3*m - 2*p, m = -2*p + 104. Let g = 112 - m. Suppose 0 = g*o - 343 + 13. List the prime factors of o.
5, 11
Suppose -d = 3*t - 9943, 188*d - 190*d + 19940 = -3*t. List the prime factors of d.
7, 1423
Let d(y) = 2*y**2 - 26*y + 51. Suppose 0 = 3*u + 2*u - 85. What are the prime factors of d(u)?
11, 17
Let m(t) be the third derivative of t**4/8 + 2*t**3/3 + 16*t**2. Let k be m(-2). List the prime factors of 4/(-24)*-3*k*-5.
5
Let d(u) = u - 16. Let q be d(16). Suppose -i - 4*f = -80, q = 3*i - 0*i - f - 266. Suppose 20*m - 16*m - i = 0. List the prime factors of m.
2, 11
Suppose -g = -5*o + 20828, 115*o = 110*o - g + 20832. What are the prime factors of o?
2, 2083
Let u = -60 + 70. Suppose 0 = -t - u + 12. Suppose -t*x + 3*l = -252 + 70, -10 = -5*l. What are the prime factors of x?
2, 47
Suppose -5*y - 10 = 0, 5*c + 5*y - 607 = 298. Suppose 2*b = -0*b - x + 69, 5*b - x - c = 0. Let w = 44 - b. List the prime factors of w.
2
Let n = 8485 + -2845. List the prime factors of (5/(-6))/((-20)/n).
5, 47
Suppose -2*w = -5*r - 25, 0 = 3*w + 4*r - 2 - 1. Suppose 2*g + 3 = j + 12, -w*g + 3*j = -25. List the prime factors of (40/15)/(g/66).
2, 11
Let u(y) = 803*y + 4744. What are the prime factors of u(40)?
2, 3
Suppose 6*t + 9 = 9*t + 5*i, -12 = -4*t + i. What are the prime factors of 3 + ((t - -2) + 24)*4?
7, 17
Let b(s) = -8*s**2 - 20*s + 1. Let o be b(-2). Let q(j) = -j**3 + 16*j**2 - 15*j - 8. What are the prime factors of q(o)?
2, 53
Suppose -122326 = -23*n + 8889. List the prime factors of n.
5, 7, 163
Let h = -2623 - -7116. List the prime factors of h.
4493
Suppose -3*y - 2*y + i + 1 = 0, -2*i = -2*y + 2. Suppose -a = 2*v - 13, -4*a + 9*a - 4*v - 9 = y. List the prime factors of (2 - 1)*(a + -162)/(-1).
157
Let s(f) = -48*f + 24. Let j be s(-7). Suppose 4*t = 5*c + 6*t - j, 3*c = -3*t + 216. Let z = 244 - c. List the prime factors of z.
2, 43
Let j = -91 - -136. Let u = j - 52. Let t(s) = -s**3 - 6*s**2. List the prime factors of t(u).
7
Let o(l) = -l**3 - 2*l**2 - 3*l - 45. Let h(k) = -k**2. Let n(g) = 3*h(g) - o(g). Suppose 10*a = 5*a. What are the prime factors of n(a)?
3, 5
Let n be 99*((-1)/3 + (-10)/(-15)). Suppose 32*d + 240 = n*d. Suppose d + 216 = 4*u. List the prime factors of u.
2, 3, 19
Suppose 30*t + 90*t - 774954 = 66*t. What are the prime factors of t?
113, 127
Let l = -2022 + 3120. List the prime factors of l.
2, 3, 61
Let b be (-2)/(-5)*(-2 + -3). Let i be (0 + 0)*b/4. Suppose 3*j - 2*w - 281 = 0, 435 = -i*j + 5*j + 5*w. List the prime factors of j.
7, 13
Suppose -5*n - 9*n = -14910. Suppose -393*f = -396*f + n. What are the prime factors of f?
5, 71
Suppose -6*p + 7*p - 1282 = -2*d, 4*p = -2*d + 5146. List the prime factors of p.
2, 7, 23
Suppose 5*g + 5*f - 170 = 0, g - 14*f + 9*f = 10. What are the prime factors of (g - 0)*108/10?
2, 3
Let u = 955 - -4953. Suppose 0 = 86*g - 79*g - u. What are the prime factors of g?
2, 211
Let t be (-29 + 1 + -2)*(-28)/35. Suppose -5*b = 5*n - 165, -3*b + 18 = n + b. Suppose t*z = 23*z + n. List the prime factors of z.
2, 19
Let t(j) = -j**3 - 15*j**2 - 13*j + 16. Let u be t(-14). Suppose -4*n + 12 + 4 = 0, u*m - 3*n = 2548. What are the prime factors of m?
2, 5
Suppose 4*a = 85*u - 89*u + 34404, -17199 = -2*u - 5*a. What are the prime factors of u?
2, 11, 17, 23
Suppose -1492*w + 1491*w - 3762 = 0. Let i = -2226 - w. List the prime factors of i.
2, 3
Suppose -66*a = 5*v - 63*a - 196203, 2*a + 196173 = 5*v. List the prime factors of v.
3, 11, 29, 41
Let l be (12/14)/((50/140)/(-5)). What are the prime factors of 2/l + 25417/42?
5, 11
Suppose -18*o + 9 = -15*o, o - 115648 = -5*d. List the prime factors of d.
101, 229
Suppose 4*x - 20 + 0 = 0. Suppose -x*l - 2472 = -17*l. List the prime factors of l.
2, 103
Let o = -116 + 198. Suppose -6*b + 187 = -5*n - 2*b, 3*b = -2*n - 84. Let z = n + o. What are the prime factors of z?
43
Let n be 0 + 8/(48/2778). Let y = 920 - n. List the prime factors of y.
457
Let u(h) = 2*h - 9. Let j be u(0). Let i be j/6*24/(-18). Suppose -3*g - i*z + 5 = 0, 3*g - 5*z - 14 - 26 = 0. What are the prime factors of g?
5
List the prime factors of (-5)/(10/(-68908)) + (-2 - 17) + 14.
3, 11483
Let u = 55 + -58. Let y be 0 - (4 + u - -1) - -460. Suppose -6*m = -5*m + 4*a - 84, -5*m - a = -y. List the prime factors of m.
2, 23
Let u = 2 - -1. What are the prime factors of 1 + u/(-4) - 76581/(-268)?
2, 11, 13
Suppose 233714 = 4*o + 2*s, -4*o = -9*o + 3*s + 292126. List the prime factors of o.
58427
Let l(x) = x**3 + 26*x**2 + 27*x - 23. Suppose -3*t - 5*j = 60, 2*t - t + 37 = 4*j. Let g be l(t). Let a = g + 227. List the prime factors of a.
2, 7, 11
Suppose 26*l = 7*l + 76. Suppose 5*o - 3*h + 5*h = 296, 5*h - 15 = 0. List the prime factors of l/(-8)*o*-3.
3, 29
Let w = -76011 - -121690. List the prime factors of w.
17, 2687
Let q(w) = -2*w - 2 + 2939*w**2 - 132*w**3 - 2938*w**2 - 213*w**3. What are the prime factors of q(-1)?
2, 173
Let z be (20/15)/((-2)/(-42)). Let g = z + -28. Suppose -3*d + 2*d + 5*p = -47, g = -2*p - 2. List the prime factors of d.
2, 3, 7
Let z = 160 + -166. List the prime factors of ((-98)/(-4))/((-45)/z + -7).
7
Let n = 22206 - 12369. List the prime factors of n.
3, 1093
Let z = -31 - -35. Let q(c) = -c**3 + 9*c**2 - c - 4. Let v be q(z). Suppose 9 + v = 9*i. What are the prime factors of i?
3
Suppose -13*w + 1656 = -w. Suppose -k + w = 5*g, -k + 6*k - 610 = -5*g. List the prime factors of k.
2, 59
Suppose 2*h + 5*i - 9*i + 440 = 0, 4*i = -3*h - 630. List the prime factors of (h/(-8))/(11/88).
2, 107
Suppose 3*n + 5175 = l, n + n - 20672 = -4*l. What are the prime factors of l?
3, 1723
Let r = 6567 - 2745. What are the prime factors of r?
2, 3, 7, 13
What are the prime factors of 62 + -67 - -7879*10?
5, 7, 2251
Suppose 5*j + 18 + 2 = 0. Let r = 9 + j. Suppose -r*c = -10, 3*b - 3*c - 241 = -2*c. What are the prime factors of b?
3
Let t(a) = 86*a**2 - 102*a - 17. What are the prime factors of t(9)?
37, 163
Let k(w) = -w**2 - 5*w + 2096. Let c be k(0). Let i = -1445 + c. List the prime factors of i.
3, 7, 31
Suppose -16 = 5*t + 2*n, 3*n - 5*n = 2*t + 4. What are the prime factors of 671 - (12/(-30))/(t/(-10))?
2, 3, 7
Suppose 0 = 44*a + 23*a - 603067. List the prime factors of a.
9001
Let h(b) = 12*b + 14. Let g(i) = -i**3 + 19*i**2 + 22*i - 31. Let z be g(20). What are the prime factors of h(z)?
2, 61
Let j(u) = 15*u - 30. Suppose -2*s - h = -s + 52, 4*h = 3*s + 170. Let g be (-12)/s + (-79)/(-9). What are the prime factors of j(g)?
3, 5, 7
Suppose -33*k = 33*k - 70*k + 14536. What are the prime fa